. Give u(29).
0
Let f(c) = c**2 + 37*c + 306. What is f(-17)?
-34
Let v(s) = -s**2 - 9*s + 1350. Calculate v(29).
248
Let x(v) = v**3 - 19*v**2 - 38*v + 358. What is x(20)?
-2
Let l(j) = -3*j - 38. Give l(-28).
46
Let j(r) = -r**3 - 44*r**2 - 308*r + 250. Calculate j(-35).
5
Let u(s) = -s**2 - 277*s + 1110. Determine u(4).
-14
Let k(q) = -1865*q - 9338. Give k(-5).
-13
Let f(k) = k**3 - 2*k**2 + 20*k - 90. Determine f(0).
-90
Let d(w) = w**2 + 65*w + 589. What is d(-13)?
-87
Let z(o) = o**2 + 250*o - 4250. Determine z(16).
6
Let x(i) = -i**3 - 15*i**2 - 59*i + 1. What is x(-6)?
31
Let y(t) = -3222*t + 3216. Determine y(1).
-6
Let w(k) = -k**3 - 2738*k**2 + 2*k + 7. Give w(0).
7
Let x(l) = 70*l + 426. What is x(-9)?
-204
Let i(d) = -d**3 - 11*d**2 - 33*d - 18. Determine i(-7).
17
Let v(b) = -14*b**2 - 52*b + 231. Calculate v(3).
-51
Let p(g) = -16*g + 28. Determine p(1).
12
Let s(a) = -a**3 - 40*a**2 + 103*a + 125. Give s(-42).
-673
Let z(c) = c**3 - 5*c**2 + 9*c - 3. What is z(2)?
3
Let l(a) = -2*a**3 + 47*a**2 - 26*a + 92. Give l(23).
23
Let j(p) = 109*p**2 + 644*p - 38. Give j(-6).
22
Let i(d) = d**3 + 7*d**2 + 13*d + 23. Determine i(-8).
-145
Let u(i) = 7*i**2 - 1156*i - 2312. Give u(-2).
28
Let c(d) = 191*d + 6115. Determine c(-32).
3
Let v(g) = -204*g + 2034. What is v(10)?
-6
Let a(n) = n**3 + 3*n**2 - 15*n - 42. What is a(4)?
10
Let g(n) = -n**3 + 7*n**2 + 8*n - 19. Calculate g(8).
-19
Let i(y) = 30*y + 53. Calculate i(-2).
-7
Let u(w) = -w**3 - 38*w**2 - w - 65. Calculate u(-38).
-27
Let z(a) = a**3 - 10*a**2 + 25*a - 10. Determine z(8).
62
Let m(o) = o**3 - 8*o**2 + 60*o - 635. What is m(9)?
-14
Let x(y) = -2*y**3 - 24*y**2 - 72*y - 105. Determine x(-8).
-41
Let z(w) = 3*w**3 + 23*w**2 - 17*w - 69. Give z(-8).
3
Let g(b) = -b**2 - 8*b + 166. Determine g(9).
13
Let x(m) = -m**3 + 94*m**2 + 98*m - 283. Determine x(95).
2
Let c(a) = 4*a**3 + 56*a**2 + 5*a + 56. What is c(-14)?
-14
Let h(m) = 12*m**2 + 1177*m + 90. Give h(-98).
-8
Let g(r) = 3*r**2 - 55*r + 157. What is g(15)?
7
Let x(g) = -3*g**2 - 39*g + 39. Calculate x(-14).
-3
Let h(a) = -686*a - 39801. Calculate h(-58).
-13
Let p(s) = s + 97. Calculate p(-88).
9
Let d(l) = -20*l**2 - 546*l - 157. Give d(-27).
5
Let r(l) = -3*l**2 + 86*l - 752. What is r(10)?
-192
Let t(h) = -2*h**3 + 16*h**2 + 25*h + 210. Give t(10).
60
Let w(y) = -y**3 - 31*y**2 + 77*y + 352. Calculate w(-33).
-11
Let b(c) = 53*c - 8703. Determine b(164).
-11
Let s(o) = o**3 - 21*o**2 - 77*o + 132. Calculate s(24).
12
Let v(a) = -10*a - 54. Give v(10).
-154
Let c(v) = -v**2 - 96*v - 2258. Give c(-55).
-3
Let g(n) = -433*n - 47626. What is g(-110)?
4
Let j(v) = -v**3 - 3*v**2 + 14*v + 10. Determine j(-5).
-10
Let t(n) = -n**3 + 60*n**2 - 46*n - 203. What is t(59)?
564
Let a(p) = 9*p**2 - 456*p + 275. Determine a(50).
-25
Let t(d) = 3*d**2 + 28*d - 17. Calculate t(-10).
3
Let p(i) = -i**3 - 12*i**2 + 7*i + 37. Give p(-13).
115
Let g(a) = 11*a**2 - 50*a - 105. What is g(-2)?
39
Let q(p) = 346*p + 7275. Calculate q(-21).
9
Let p(o) = o**2 + 41*o - 4849. What is p(52)?
-13
Let s(f) = -503*f + 3533. What is s(7)?
12
Let z(b) = 11*b**2 + 29*b - 76. Give z(4).
216
Let m(v) = -5*v**2 + 1805*v + 5427. Determine m(-3).
-33
Let v(n) = -1019*n - 54001. Determine v(-53).
6
Let c(o) = 13*o - 570. Calculate c(44).
2
Let n(p) = 1349*p - 963. Give n(1).
386
Let b(z) = 772*z**3 - 8*z**2 - 2*z + 9. Determine b(1).
771
Let u(z) = -3*z**2 + 319*z - 2454. Determine u(98).
-4
Let r(y) = -401*y - 2535. Give r(-6).
-129
Let s(z) = -127*z**2 - 12*z - 1. What is s(-1)?
-116
Let r(l) = -207*l - 5213. Give r(-25).
-38
Let c(t) = -2*t**3 + 56*t**2 + 47*t - 8. Give c(29).
-327
Let o(z) = 21*z + 364. Determine o(-9).
175
Let j(i) = -i**3 + 32*i**2 - 32*i + 107. Calculate j(31).
76
Let t(m) = -m**2 - 78*m - 701. What is t(-11)?
36
Let k(d) = -2*d**3 - 382*d**2 - 2927*d + 9. Give k(-8).
1
Let i(b) = b**3 - 13*b**2 + 57*b - 270. Give i(10).
0
Let r(o) = 2*o**2 - 19*o - 114. What is r(14)?
12
Let u(t) = 2*t**3 - 207*t**2 - 95*t - 929. Give u(104).
7
Let u(i) = 17*i + 380. Calculate u(-23).
-11
Let l(f) = 80*f - 765. What is l(9)?
-45
Let q(r) = 3*r**2 - 523*r + 2585. Determine q(5).
45
Let a(r) = -21*r**2 - 16*r - 83. Give a(-5).
-528
Let y(s) = -3*s + 123. What is y(16)?
75
Let z(w) = 63*w + 3305. Give z(-49).
218
Let f(k) = -190*k - 951. Determine f(-5).
-1
Let o(t) = 52*t**3 - 11*t**2 + 11*t - 1. Calculate o(1).
51
Let u(q) = q**2 - 37*q - 109. Determine u(37).
-109
Let s(u) = 2*u**2 + 23*u - 231. What is s(-18)?
3
Let c(t) = 3*t**2 + 28*t - 48. Determine c(2).
20
Let g(l) = 238*l - 146. Calculate g(-2).
-622
Let k(n) = 21*n - 70. What is k(9)?
119
Let a(k) = k**2 + 5*k - 276. What is a(-23)?
138
Let c(q) = 7*q + 67. Give c(-6).
25
Let v(w) = 184*w + 6651. Calculate v(-36).
27
Let r(c) = c**2 + 217*c + 553. Calculate r(-3).
-89
Let w(t) = -2*t**3 + 34*t**2 + 55*t - 336. Give w(18).
6
Let i(m) = m**2 + 62*m - 2411. Determine i(-89).
-8
Let s(a) = -13*a - 29. What is s(-7)?
62
Let q(f) = -f**2 + 215*f - 8912. Calculate q(56).
-8
Let x(p) = -28*p - 330. Calculate x(-10).
-50
Let b(m) = -43*m + 752. Calculate b(18).
-22
Let t(p) = -1169*p - 56110. Determine t(-48).
2
Let m(d) = -31*d + 97. Give m(-5).
252
Let i(s) = 11*s**2 - 25*s - 24. What is i(-1)?
12
Let q(j) = j**3 + 49*j**2 + 35*j - 743. Give q(-48).
-119
Let c(r) = r**3 - 4*r**2 - 55*r - 14. Determine c(10).
36
Let d(r) = -807*r + 6683. Give d(8).
227
Let g(q) = -q**3 - 11*q**2 - 14*q - 125. Determine g(-9).
-161
Let x(a) = -1856*a + 9283. Give x(5).
3
Let q(o) = -o**3 - 60*o**2 - o - 48. Determine q(-60).
12
Let q(y) = -8*y**2 - 347*y + 560. What is q(-45)?
-25
Let t(k) = -2*k**2 + 20*k - 85. Give t(5).
-35
Let q(s) = 1534*s - 6132. What is q(4)?
4
Let f(h) = 2922*h - 11780. Determine f(4).
-92
Let m(c) = 7*c + 112. Calculate m(24).
280
Let k(m) = 93*m - 932. Give k(10).
-2
Let x(n) = -7*n - 981. What is x(-143)?
20
Let z(a) = a**3 - 30*a**2 + 31*a - 18. What is z(29)?
40
Let g(h) = -267*h - 1884. Determine g(-7).
-15
Let b(v) = v**3 - 9*v - 19. Give b(-4).
-47
Let w(f) = 40*f**3 - f**2 + 3*f - 3. Calculate w(1).
39
Let m(g) = -40*g**2 + 19*g + 34. Give m(-2).
-164
Let w(s) = 38*s**2 + 238*s - 234. Calculate w(1).
42
Let y(d) = -3*d**3 + 80*d**2 + 42*d - 439. Calculate y(27).
-34
Let x(q) = -2*q**3 - 110*q**2 + 1608*q + 11. Calculate x(-67).
11
Let i(d) = 113*d - 246. Calculate i(3).
93
Let s(u) = -u**3 + 4*u**2 - 69*u + 2. Give s(5).
-368
Let r(u) = -345*u + 2100. Determine r(6).
30
Let u(a) = 9*a**3 + 7*a**2 - 75*a + 134. What is u(2)?
84
Let r(f) = -52*f**3 - 469*f**2 - 7*f + 23. Give r(-9).
5
Let j(c) = 368*c + 63. Determine j(-1).
-305
Let f(t) = -t**3 - 45*t**2 - 83*t + 71. What is f(-43)?
-58
Let y(i) = -i**3 - 11*i**2 + 33*i + 22. Calculate y(-13).
-69
Let d(c) = 4*c**3 + c**2 - 1103*c - 4. What is d(0)?
-4
Let y(w) = -13*w**3 + 2*w**2 + 5*w + 9. Give y(-2).
111
Let o(g) = -18*g**2 - 14*g + 12. Calculate o(1).
-20
Let n(f) = 20*f - 122. What is n(-8)?
-282
Let a(g) = g**3 - 11*g**2 + 15*g - 155. What is a(11)?
10
Let r(o) = -o**2 - 66*o - 798. What is r(-18)?
66
Let p(m) = -93*m + 843. Give p(9).
6
Let m(g) = g**2 - 4436*g + 35420. Determine m(8).
-4
Let g(j) = j**3 - 70*j**2 + 1222*j - 12. What is g(33)?
21
Let y(i) = i**3 + 64*i**2 + 876*i - 87. Calculate y(-20).
-7
Let w(p) = -p**3 + 39*p**2 - 47*p + 22. Give w(38).
-320
Let a(q) = -q**3 - 19*q**2 - 88*q + 13. What is a(-11)?
13
Let p(k) = -k**3 + 19*k**2 - 27*k - 3. Calculate p(17).
116
Let v(l) = l**3 - 25*l**2 - 26*l + 54. What is v(26)?
54
Let u(f) = -185*f - 1612. Determine u(-6).
-502
Let i(u) = -2*u**2 + 34*u - 135. What is i(10)?
5
Let c(q) = 3*q**3 + 29*q**2 - 12*q + 51. Give c(-10).
71
Let q(x) = -x**3 + 12*x**2 - 54*x + 517. Calculate q(11).
44
Let z(g) = -g**2 - 60*g + 494. Determine z(-63).
305
Let r(u) = -48*u + 4615. Determine r(96).
7
Let x(j) = -69*j - 930. What is x(-13)?
-33
Let s(x) = 632*x**2 + 55*x - 3. Determine s(-1).
574
Let f(h) = -119*h + 6167. What is f(52)?
-21
Let l(q) = 6*q + 62. Determine l(-17).
-40
Let z(x) = x**3 - 24*x**2 - 186*x + 3. Calculate z(-6).
39
Let i(a) = -a**3 + 214*a**2 + 329*a - 24514. Give i(215).
-4
Let m(n) = -n**2 + 691*n - 4130. Give m(6).
-20
Let h(c) = c**2 - 115*c + 3266. C